 (5 - (-4 + 5 + -5)) + -6?
3
What is 1 + -1 + 8 - (207 + -192)?
-7
What is the value of -8 + 5 + (7 - 1 - -4)?
7
What is the value of -7 - -1 - (6 + -11) - 3?
-4
Calculate 2 - (-6 + 4) - 0.
4
Evaluate 6 + 1 + -3 + 2 - 3.
3
Evaluate 11 - (-18 - -15 - -19).
-5
What is the value of 8 - 20 - (3 - 7)?
-8
What is -10 - ((8 - 3) + -7 - 4)?
-4
Calculate 6 - (-4 + 1 + (-45 - -49)).
5
7 - (4 + (-6 - 0)) - 5
4
Calculate -5 + -13 + 23 - (1 - -4).
0
What is -3 + (-12 - -10 - 0)?
-5
2 - ((10 - 1) + 1)
-8
What is 0 - (2 - 1 - -4)?
-5
Calculate (-1 - 0) + -3 + (3 - 4).
-5
Evaluate -15 + 11 + (-4 - -2) + 2.
-4
What is the value of (-34 - -35) + 1 + -7?
-5
Evaluate -9 - (0 + 0 - 5).
-4
-1 + -2 + 6 - (5 + 0)
-2
What is the value of (-7 - (-6 + 3 + 0)) + 4?
0
What is the value of -2 + 1 + -8 - -11?
2
What is the value of -22 - (-4 + (-15 - -5))?
-8
What is (-6 - -2) + 2 + 2 + 4?
4
-7 + -8 + 5 + 8
-2
Evaluate -4 + 8 + -4 - -1.
1
Calculate 2 - 0 - (-6 - (4 - 12)).
0
(-1 - (3 + -1)) + 4
1
Calculate -1 + (0 - 2) + -3 - -1.
-5
What is -12 - (-2 - 10 - -8)?
-8
Calculate -4 - (1 + 0) - (-3 - 2).
0
Calculate -4 + (2 - 1) - -1 - -1.
-1
What is the value of 2 + -5 - (9 + -5 + -3)?
-4
Evaluate (-6 - -12 - 3) + -8 + 2.
-3
Evaluate (-2 - 1 - (-6 - 1)) + -6.
-2
Evaluate (-9 + 25 - 22) + (0 - -7).
1
Calculate -2 - (-1 + (2 - 0) + 0).
-3
What is -3 - (2 + -4) - -5?
4
Calculate (-2 - -2) + (9 - 8) - 5.
-4
Evaluate 13 + -5 + -5 + -1.
2
2 - -17 - (111 + -100)
8
Evaluate -2 - (-2 - (4 + -2)).
2
Evaluate -24 + 9 - -7 - (4 + -21).
9
What is the value of ((8 - 6) + 0 - -8) + -6?
4
3 + 2 + 4 + -8 - -1
2
Evaluate -3 + (1 - (5 + -3)).
-4
2 + -5 - (-9 - -1) - 10
-5
Evaluate 0 - -6 - 4 - 1.
1
Calculate -2 - (0 + 10 + -5 + -6).
-1
Evaluate -4 + 1 + 3 + -4.
-4
Calculate -1 - -5 - (4 - 0).
0
Calculate -5 + 29 + -13 + -16.
-5
Calculate 0 + 2 + (-8 - -5).
-1
What is (0 - 6) + 4 + -4 - -4?
-2
Calculate 5 - (3 + 5) - -8.
5
Calculate 0 + -1 + 2 + (11 - 14).
-2
Evaluate 3 + (-1 - 0) - (-2 - -5).
-1
1 - (-2 - (-3 + 2))
2
What is 2 - 3 - (-5 + (4 - -2))?
-2
-1 + (3 - 3 - 0 - -3)
2
Calculate 4 + 0 + -8 + 3.
-1
4 - (15 - (0 + 10))
-1
What is the value of -21 + 23 + (-3 - 4)?
-5
(-5 + 3 + 2 - 5) + 0
-5
Calculate (11 - 8) + (1 - -1).
5
Calculate -7 - (0 - 2 - 2).
-3
What is -1 + 10 - (0 + 4)?
5
What is 5 + (-3 - (3 - 2)) + 3?
4
6 + -4 + -5 + -4 + 1
-6
-2 + ((2 - -4) + -1 - 8)
-5
Evaluate 4 - ((7 - 18) + 12).
3
What is 2 + (3 - 1) - (-127 + 132)?
-1
7 + (-9 - -7) - 2
3
Calculate -2 + -2 + 6 - 0.
2
Evaluate 48 + -51 - (0 + 4).
-7
Calculate 1 + (-4 - -7) - 2 - 2.
0
What is the value of (-7 - -2) + 1 + 1 + -1?
-4
0 + 1 + (2 - (-2 - -1))
4
Calculate (-2 + 1 - 0) + 5.
4
Calculate 3 + 0 - ((5 - -2) + -6).
2
Evaluate (-3 - -1) + 7 + -5.
0
Evaluate -1 + 5 - (33 - 24).
-5
What is 4 + 0 + -6 + (0 - -3)?
1
Evaluate (-1 - -2) + (3 - (20 - 11)).
-5
Evaluate -3 + (-4 - (0 + -2)) - -1.
-4
What is (-3 - -3) + 3 + 7?
10
Calculate -1 + (9 - 3) + (-12 - -11).
4
Evaluate (1 - -6) + (-48 - -46).
5
What is the value of 0 - 1 - (2 + -5 + -1)?
3
What is the value of (-10 - (6 + -10)) + 7?
1
Evaluate (4 - 1 - (0 + 1)) + 2.
4
Evaluate 6 - 2 - (-2 - (1 - 5)).
2
Calculate -1 - (-10 - -9) - (-1 - 6).
7
What is the value of 6 - (8 + -17 + 8)?
7
What is (-2 - 7 - -9) + 2 + -1?
1
What is the value of -1 - (0 + (-3 - -4))?
-2
What is -8 + (-2 - -8) + 2 + 4?
4
Evaluate -1 + -1 + (0 - 1) + 6.
3
Evaluate 2 + (-5 - (-1 + -1)).
-1
Calculate 5 + -3 + (-5 - 0).
-3
2 - (-2 - -2 - -2)
0
(5 - 1) + (-29 - -25)
0
-1 - -1 - 0 - (812 + -809)
-3
Evaluate -13 - (-19 - (9 + -9)).
6
Evaluate (7 - 3) + -3 - (0 + 0).
1
What is (-26 - -26) + -6 + 2 + 1?
-3
(0 - 2 - -1) + -2
-3
Calculate (-237 - -258) + (-12 - 0).
9
Calculate 2 - (-8 - -4 - -5) - 5.
-4
Evaluate -3 - ((5 - 7) + 0 + -6).
5
2 + -9 + 16 + -11
-2
Evaluate -6 + ((-2 - -8) + -3 - 5).
-8
Calculate 10 + -9 + 3 + -3 + -7.
-6
Evaluate -4 + 2 - (-1 + (5 - 3)).
-3
Calculate -3 - (-3 + 4 - 2).
-2
(18 - 21 - (2 + -13)) + 2
10
What is (-3 + 5 - -4) + -7?
-1
Calculate 2 + -1 + 1 + -6.
-4
4 - (3 + 5) - 2
-6
What is -7 - -3 - ((5 - 2) + -7)?
0
What is 4 - (-7 - (2 - 13))?
0
What is 3 + -1 + -2 + -7 + 7?
0
What is the value of 1 - (0 + 5 - 16 - -4)?
8
What is -2 + 19 + -10 - 1?
6
Calculate -5 + 0 - (2 - 11).
4
Calculate 0 - (8 + -6) - -1.
-1
-5 + 1 + -7 + 11 + -1
-1
Calculate 1 - (1 + (-4 - -4)) - 2.
-2
Calculate (5 - ((6 - 4) + 2)) + 0.
1
Evaluate 2 + -2 - ((5 - 5) + -10).
10
What is 12 - (2 - (0 + -1 - 3))?
6
Calculate -7 + (-7 - -18 - 3 - 5).
-4
Evaluate -2 + (3 + 0 - 3).
-2
What is 0 + 1 - (-7 - -6)?
2
Calculate (16 - 17) + (10 - 1) - -1.
9
What is the value of 1 + -5 - 4 - 0?
-8
What is (2 - 3) + -3 + 2?
-2
Evaluate 1 + 5 + 3 + (-6 - 0).
3
Evaluate (0 + -1 - -4) + (0 - 0).
3
Evaluate -1 + 3 + -4 + 4.
2
-2 + -1 + 3 + 2 - 0
2
5 + -7 + (-3 - (0 - 4))
-1
Calculate 6 + -8 + -3 + 5.
0
Calculate 4 + (-2 + 0 - 2).
0
What is the value of -3 + 6 + 4 - 13?
-6
Calculate 5 + 2 + -2 + -2 + 1.
4
Calculate -12 + (-4 - -13) + -5.
-8
2 - 3 - (28 - 17) - -4
-8
-3 + (7 + -7 - -9)
6
Calculate (0 - (0 + 2)) + 51 + -52.
-3
Evaluate -2 + (-5 - -1) + 13.
7
What is the value of 7 + -9 + (-7 - -15)?
6
What is 6 - (19 - 9 - (0 + -4))?
-8
(1 + -9 - -16) + -4
4
What is (3 - (-2 + 3)) + 4?
6
(0 - 1) + 5 + 1
5
Evaluate -36 + 42 + (-3 - 0).
3
Calculate -4 + 0 + -31 + 30.
-5
6 - (4 - (-3 - 2))
-3
What is 2 + (4 - (-2 - (3 - 10)))?
1
What is the value of -4 - (0 + (-8 - 1))?
5
8 + -3 + -2 - 4
-1
Calculate 0 - ((-4 - -2) + 0).
2
Evaluate 0 + 0 + -4 + 1.
-3
What is the value of -1 + 1 - (-2 + 2)?
0
What is the value of -4 - -3 - (-3 + 1) - 2?
-1
What is -14 + 1 + (-165 - -174)?
-4
Calculate -10 - (-5 - 1 - (77 + -80)).
-7
5 - (1 + 2 - (15 + -12))
5
What is -3 + (3 - (1 + 0) - -3)?
2
0 + -3 - (-27 + 28)
-4
Evaluate 1 + 0 + -1 + (21 - 21).
0
Calculate (-5 - -2) + 1 + -6 + 3.
-5
Calculate 0 + (4 - -1) - 0.
5
Evaluate (-3 - -2) + 2 + 0 + 0.
1
-3 + 18 + -22 + (-1 - 1)
-9
Calculate 1 + (4 - 0 - (-15 + 19)).
1
Evaluate 2 + -2 + 2 - (5 + 2).
-5
What is the value of (9 - 5) + 0 + 0?
4
What is the value of 11 + 1 + -7 + -7?
-2
Calculate 0 + -1 + -3 - -6.
2
7 - (5 + -6 - 0 - -7)
1
(16 - 12 - (0 + 2)) + 2
4
What is -5 - (-1 - 2 - -4)?
-6
Evaluate -1 - (0 - (2 - -1)).
2
What is the value of (-3 + 0 - 0 - 0) + -1?
-4
10 + -5 + -4 + 0
1
(-9 + 3 - -7) + -2 + 1
0
Calculate -1 + -1 + (-5 - -5) + 1.
-1
What is 0 + 19 + -11 - 3?
5
What is the value of -33 + 29 - (-10 - -1)?
5
Calculate -2 + 7 + 7 + (3 - 10).
5
What is 1 - 0 - (-1 - -1)?
1
What is -7 - (-15 - -6 - 3)?
5
What is 3 - (-6 - (-2 + -7))?
0
What is the value of 2 + 9 + -4 + -11 + 1?
-3
Evaluate (-4 - (-2 + 3)) + (-3 - -3).
-5
Calculate 0 + 5 - (8 + -8 + 6).
-1
What is 11 + -6 + -11 + 10?
4
Calculate (5 - (7 + 1)) + -1.
-4
Calculate 2 - (1 - (3 - -1)).
5
What is the value of 74 + -70 - ((4 - 2) + -2)?
4
Calculate 7 - ((5 - 3) + 1).
4
0 + 8 + -11 + 3 + -4
-4
-10 + (-3 - 2) + (17 - 11)
-9
What is 2 - ((11 - 5) + -2)?
-2
What is the value of (5 - (-5 - (-12 - 0))) + 3?
1
What is the value of -8 - (3 + -7 + -9)?
5
Calculate -11 + (0 - (15 + -36)).
10
(-1 - -4) + (-27 - -23)
-1
Evaluate -5 + (-7 - (2 + -5) - -14).
5
Evaluate -7 + (-6 + 21 - 7) + 3.
4
Evaluate (11 - 0) + -15 - (-5 + -1).
2
(-31 - -33) + (2 - -2)
6
Evaluate (0 - 3) + 0 - 3.
-6
Evaluate -10 + (7 - (2 - -2)) + 1.
-6
What is 2 - (4 - (-6 - -10))?
2
What is (2 - 1) + 9 + -5 + -10?
-5
Evaluate 10 - (25 + -11 + 1).
-5
What is the value of (8 + -5 + -1 - 4) + 8?
6
Calculate (9 + -4 - -6) + -4 + -1.
6
What is the value of 2 - (9 + -3 - 3) - 2?
-3
Evaluate (3 - -2) + -1 + 6 + -13.
-3
What is the value of -7 - -11 - (0 + 2)?
2
Evaluate -5 - (-5 + -3 + 2).
1
What is -5 + 6 + -2 + -1?
-2
Calculate -1 + -2 + 0 + 1 + -3.
-5
What is the value of (-3 + 15 - 5) + (-1 - 1)?
5
Evaluate 10 + (7 - 15) - 5.
-3
0 + -7 + 8 - 2
-1
Evaluate -5 - -3 - (-4 + 6) - -4.
0
Evaluate 6 + (1 - 0) - (-59 + 70).
-4
Calculate -4 + 2 + 0 - (4 + -1).
-5
Evaluate -5 + 4 + 0 + 2 - -1.
2
Evaluate (-5 - -9) + -8 + 9 - 0.
5
What is the value of -2 - (0 - (-4 + 8))?
2
What is (3 - 3) + 1 + 0?
1
What is 1 + (0 - 0) + -2 + 6?
5
Evaluate (-4 - -2) + -6 + -1 + 4.
-5
Evaluate (6 - 3) + -10 - -10.
3
8 - (2 - (-7 + 6))
5
Evaluate 7 - (3 - -2) - 2.
0
23 - 16 - (0 + 2)
5
What is the value of 7 